{"id":2,"date":"2025-02-26T17:53:49","date_gmt":"2025-02-26T17:53:49","guid":{"rendered":"https:\/\/jf-servicios.cl\/?page_id=2"},"modified":"2025-02-26T19:32:50","modified_gmt":"2025-02-26T19:32:50","slug":"sample-page","status":"publish","type":"page","link":"https:\/\/jf-servicios.cl\/","title":{"rendered":"Servicios integrales en soldadura Mig"},"content":{"rendered":"\n<p>Reparaci\u00f3n de maquinarias y fabricaci\u00f3n de estructuras met\u00e1licas.<\/p>\n\n\n\n<p>Servicios en terreno o miner\u00eda.<\/p>\n","protected":false},"excerpt":{"rendered":"<p>Reparaci\u00f3n de maquinarias y fabricaci\u00f3n de estructuras met\u00e1licas. Servicios en terreno o miner\u00eda.<\/p>\n","protected":false},"author":1,"featured_media":0,"parent":0,"menu_order":0,"comment_status":"closed","ping_status":"open","template":"","meta":{"footnotes":""},"class_list":["post-2","page","type-page","status-publish","hentry"],"_links":{"self":[{"href":"https:\/\/jf-servicios.cl\/index.php?rest_route=\/wp\/v2\/pages\/2","targetHints":{"allow":["GET"]}}],"collection":[{"href":"https:\/\/jf-servicios.cl\/index.php?rest_route=\/wp\/v2\/pages"}],"about":[{"href":"https:\/\/jf-servicios.cl\/index.php?rest_route=\/wp\/v2\/types\/page"}],"author":[{"embeddable":true,"href":"https:\/\/jf-servicios.cl\/index.php?rest_route=\/wp\/v2\/users\/1"}],"replies":[{"embeddable":true,"href":"https:\/\/jf-servicios.cl\/index.php?rest_route=%2Fwp%2Fv2%2Fcomments&post=2"}],"version-history":[{"count":1,"href":"https:\/\/jf-servicios.cl\/index.php?rest_route=\/wp\/v2\/pages\/2\/revisions"}],"predecessor-version":[{"id":7,"href":"https:\/\/jf-servicios.cl\/index.php?rest_route=\/wp\/v2\/pages\/2\/revisions\/7"}],"wp:attachment":[{"href":"https:\/\/jf-servicios.cl\/index.php?rest_route=%2Fwp%2Fv2%2Fmedia&parent=2"}],"curies":[{"name":"wp","href":"https:\/\/api.w.org\/{rel}","templated":true}]}}